{"id":1011,"date":"2018-11-02T10:32:44","date_gmt":"2018-11-02T10:32:44","guid":{"rendered":"https:\/\/evolterra.com\/?page_id=1011"},"modified":"2023-12-26T19:19:59","modified_gmt":"2023-12-26T19:19:59","slug":"la-mirada-de-berthe-morisot","status":"publish","type":"page","link":"https:\/\/evolterra.com\/","title":{"rendered":"La Mirada de Berthe Morisot"},"content":{"rendered":"<p><a href=\"https:\/\/evolterra.pressbooks.com\/\" target=\"_blank\" rel=\"noopener\"><img decoding=\"async\" loading=\"lazy\" class=\"alignleft wp-image-1012 size-large\" src=\"https:\/\/evolterra.com\/wp-content\/uploads\/sites\/16\/2018\/11\/Webp.net-resizeimage-692x1024.png\" alt=\"\" width=\"692\" height=\"1024\" srcset=\"https:\/\/evolterra.com\/wp-content\/uploads\/sites\/16\/2018\/11\/Webp.net-resizeimage-692x1024.png 692w, https:\/\/evolterra.com\/wp-content\/uploads\/sites\/16\/2018\/11\/Webp.net-resizeimage-203x300.png 203w, https:\/\/evolterra.com\/wp-content\/uploads\/sites\/16\/2018\/11\/Webp.net-resizeimage-768x1137.png 768w, https:\/\/evolterra.com\/wp-content\/uploads\/sites\/16\/2018\/11\/Webp.net-resizeimage.png 1000w\" sizes=\"(max-width: 692px) 85vw, 692px\" \/><\/a><\/p>\n<h3>\u00cdNDICE<\/h3>\n<p><span style=\"font-size: 14pt\">I. MUNICH Y ALEMANIA<\/span><\/p>\n<p><span style=\"font-size: 14pt\">1.- <a href=\"https:\/\/evolterra.com\/?p=604\">Catedrales del Romanticismo alem\u00e1n<\/a><\/span><br \/>\n<span style=\"font-size: 14pt\">2.- <a href=\"https:\/\/evolterra.com\/?p=641\">Bach y la m\u00fasica de Mart\u00edn Lutero<\/a><\/span><br \/>\n<span style=\"font-size: 14pt\">3.- <a href=\"https:\/\/evolterra.com\/?p=389\">La educaci\u00f3n de Wilhelm Meister<\/a><\/span><br \/>\n<span style=\"font-size: 14pt\">4.- <a href=\"https:\/\/evolterra.com\/?p=283\">Los cuentos de Grimm, modo de empleo<\/a><\/span><br \/>\n<span style=\"font-size: 14pt\">5.- <a href=\"https:\/\/evolterra.com\/?p=548\">Revoluci\u00f3n en el reino de Baviera<\/a><\/span><br \/>\n<span style=\"font-size: 14pt\">6.- <a href=\"https:\/\/evolterra.com\/?p=789\">Un amor de Richard Wagner<\/a><\/span><br \/>\n<span style=\"font-size: 14pt\">7.- <a href=\"https:\/\/evolterra.com\/?p=1059\">Un Requiem alem\u00e1n<\/a><\/span><br \/>\n<span style=\"font-size: 14pt\">8.- <a href=\"https:\/\/evolterra.com\/?p=1157\">Luis II de Baviera, el rey loco<\/a><\/span><br \/>\n<span style=\"font-size: 14pt\">9.- <a href=\"https:\/\/evolterra.com\/?p=930\">Nietzsche en la Gran V\u00eda<\/a><\/span><br \/>\n<span style=\"font-size: 14pt\">10.- <a href=\"https:\/\/evolterra.com\/?p=250\">Theodor Mommsen, premio N\u00f3bel<\/a><\/span><br \/>\n<span style=\"font-size: 14pt\">11.- <a href=\"https:\/\/evolterra.com\/?p=921\">Berl\u00edn entre dos guerras<\/a><\/span><br \/>\n<span style=\"font-size: 14pt\">12.-<a href=\"https:\/\/evolterra.com\/?p=1170\"> Los negocios de Cayo Julio C\u00e9sar<\/a><\/span><\/p>\n<p><span style=\"font-size: 14pt\">II. BOLONIA E ITALIA<\/span><\/p>\n<p><span style=\"font-size: 14pt\">13.- <a href=\"https:\/\/evolterra.com\/?p=481\">La sucesi\u00f3n de Augusto<\/a><\/span><br \/>\n<span style=\"font-size: 14pt\">14.- <a href=\"https:\/\/evolterra.com\/?p=195\">La invenci\u00f3n de Venecia<\/a><\/span><br \/>\n<span style=\"font-size: 14pt\">15.-<a href=\"https:\/\/evolterra.com\/?p=1177\"> El hermano lobo de Gubbio<\/a><\/span><br \/>\n<span style=\"font-size: 14pt\">16.- <a href=\"https:\/\/evolterra.com\/?p=1219\">Dante en el infierno<\/a><\/span><br \/>\n<span style=\"font-size: 14pt\">17.- <a href=\"https:\/\/evolterra.com\/?p=1207\">El papa Julio II en Bolonia<\/a><\/span><br \/>\n<span style=\"font-size: 14pt\">18.- <a href=\"https:\/\/evolterra.com\/?p=684\">Maquiavelo y el destino de la Toscana<\/a><\/span><br \/>\n<span style=\"font-size: 14pt\">19.- <a href=\"https:\/\/evolterra.com\/?p=303\">El concierto barroco<\/a><\/span><br \/>\n<span style=\"font-size: 14pt\">20.- <a href=\"https:\/\/evolterra.com\/?p=334\">Roma en tiempos de Floria Tosca<\/a><\/span><br \/>\n<span style=\"font-size: 14pt\">21.- <a href=\"https:\/\/evolterra.com\/?p=1226\">Morir en Venecia<\/a><\/span><br \/>\n<span style=\"font-size: 14pt\">22.- <a href=\"https:\/\/evolterra.com\/?p=522\">El esplendor antiguo de los Lampedusa<\/a><\/span><\/p>\n<p><span style=\"font-size: 14pt\">III. PRAGA Y VIENA<\/span><\/p>\n<p><span style=\"font-size: 14pt\">23.- <a href=\"https:\/\/evolterra.com\/?p=18\">El Golem del rabino Le\u00f3n<\/a><\/span><br \/>\n<span style=\"font-size: 14pt\">24.- <a href=\"https:\/\/evolterra.com\/?p=435\">Mozart de viaje a Praga<\/a><\/span><br \/>\n<span style=\"font-size: 14pt\">25.- <a href=\"https:\/\/evolterra.com\/?p=1235\">Praga en tiempos de Kafka<\/a><\/span><br \/>\n<span style=\"font-size: 14pt\">26.- <a href=\"https:\/\/evolterra.com\/?p=268\">Franz Kafka ante la ley<\/a><\/span><br \/>\n<span style=\"font-size: 14pt\">27.- <a href=\"https:\/\/evolterra.com\/?p=1241\">Bartleby y otros copistas kafkianos<\/a><\/span><br \/>\n<span style=\"font-size: 14pt\">28.- <a href=\"https:\/\/evolterra.com\/?p=1248\">El soldado Sveijk en la gran guerra<\/a><\/span><br \/>\n<span style=\"font-size: 14pt\">29.- <a href=\"https:\/\/evolterra.com\/?p=1254\">El Danubio grande y sabio<\/a><\/span><br \/>\n<span style=\"font-size: 14pt\">30.- <a href=\"https:\/\/evolterra.com\/?p=718\">Beethoven en Heiligenstadt<\/a><\/span><br \/>\n<span style=\"font-size: 14pt\">31.- <a href=\"https:\/\/evolterra.com\/?p=970\">Viajar en invierno<\/a><\/span><br \/>\n<span style=\"font-size: 14pt\">32.- <a href=\"https:\/\/evolterra.com\/?p=501\">La ambici\u00f3n de Gustav Mahler<\/a><\/span><br \/>\n<span style=\"font-size: 14pt\">33.- <a href=\"https:\/\/evolterra.com\/?p=109\">El caballero de la rosa<\/a><\/span><br \/>\n<span style=\"font-size: 14pt\">34.- <a href=\"https:\/\/evolterra.com\/?p=651\">Kakania, un reino de la imaginaci\u00f3n<\/a><\/span><br \/>\n<span style=\"font-size: 14pt\">35.- <a href=\"https:\/\/evolterra.com\/?p=838\">El tercer hombre<\/a><\/span><\/p>\n<p><span style=\"font-size: 14pt\">IV. WASHINGTON Y NUEVA YORK<\/span><\/p>\n<p><span style=\"font-size: 14pt\">36.- <a href=\"https:\/\/evolterra.com\/?p=735\">La prehistoria de Nueva York<\/a><\/span><br \/>\n<span style=\"font-size: 14pt\">37.- <a href=\"https:\/\/evolterra.com\/?p=534\">La luz de Washington D.C.<\/a><\/span><br \/>\n<span style=\"font-size: 14pt\">38.- <a href=\"https:\/\/evolterra.com\/?p=910\">La ley en la conquista del Oeste<\/a><\/span><br \/>\n<span style=\"font-size: 14pt\">39.- <a href=\"https:\/\/evolterra.com\/?p=1260\">La blancura de la ballena<\/a><\/span><br \/>\n<span style=\"font-size: 14pt\">40.- <a href=\"https:\/\/evolterra.com\/?page_id=1267\">Henry Adams o el hombre superfluo<\/a><\/span><br \/>\n<span style=\"font-size: 14pt\">41.- <a href=\"https:\/\/evolterra.com\/?p=98\">Luisiana independiente<\/a><\/span><br \/>\n<span style=\"font-size: 14pt\">42.- <a href=\"https:\/\/evolterra.com\/?p=1274\">En los or\u00edgenes del Jazz<\/a><\/span><br \/>\n<span style=\"font-size: 14pt\">43.- <a href=\"https:\/\/evolterra.com\/?p=277\">Un americano en Par\u00eds<\/a><\/span><br \/>\n<span style=\"font-size: 14pt\">44.- <a href=\"https:\/\/evolterra.com\/?p=592\">America first. La historia se repite<\/a><\/span><br \/>\n<span style=\"font-size: 14pt\">45.- <a href=\"https:\/\/evolterra.com\/?p=20\">La m\u00fasica de Hollywood<\/a><\/span><br \/>\n<span style=\"font-size: 14pt\">46.- <a href=\"https:\/\/evolterra.com\/?p=443\">Paz perpetua y guerra fr\u00eda<\/a><\/span><br \/>\n<span style=\"font-size: 14pt\">47.- <a href=\"https:\/\/evolterra.com\/?p=236\">El silencio de Edward Hopper<\/a><\/span><br \/>\n<span style=\"font-size: 14pt\">48.- <a href=\"https:\/\/evolterra.com\/?p=674\">La era de Acuario<\/a><\/span><\/p>\n<p><span style=\"font-size: 14pt\">V- CARACAS Y EL CARIBE<\/span><\/p>\n<p><span style=\"font-size: 14pt\">49.- <a href=\"https:\/\/evolterra.com\/?p=397\">El sue\u00f1o de una ciudad ideal<\/a><\/span><br \/>\n<span style=\"font-size: 14pt\">50.- <a href=\"https:\/\/evolterra.com\/?p=616\">Don Quijote cabalga en Am\u00e9rica<\/a><\/span><br \/>\n<span style=\"font-size: 14pt\">51.- <a href=\"https:\/\/evolterra.com\/?p=59\">Paz en el r\u00edo Surinam<\/a><\/span><br \/>\n<span style=\"font-size: 14pt\">52.- <a href=\"https:\/\/evolterra.com\/?p=140\">Miranda o el pol\u00edtico<\/a><\/span><br \/>\n<span style=\"font-size: 14pt\">53.- <a href=\"https:\/\/evolterra.com\/?p=295\">Caudillos en la literatura venezolana<\/a><\/span><br \/>\n<span style=\"font-size: 14pt\">54.- <a href=\"https:\/\/evolterra.com\/?p=1280\">Mansiones verdes<\/a><\/span><br \/>\n<span style=\"font-size: 14pt\">55.- <a href=\"https:\/\/evolterra.com\/?p=162\">El tango conquista Europa<\/a><\/span><br \/>\n<span style=\"font-size: 14pt\">56.- <a href=\"https:\/\/evolterra.com\/?p=508\">Andr\u00e9s Bello, profeta en su tierra<\/a><\/span><br \/>\n<span style=\"font-size: 14pt\">57.- <a href=\"https:\/\/evolterra.com\/?p=463\">Ella cantaba boleros<\/a><\/span><br \/>\n<span style=\"font-size: 14pt\">58.- <a href=\"https:\/\/evolterra.com\/?p=1287\">Lecturas en el Caribe<\/a><\/span><\/p>\n<p><span style=\"font-size: 14pt\">VI- PAR\u00cdS, LONDRES, AMSTERDAM<\/span><\/p>\n<p><span style=\"font-size: 14pt\">59.- <a href=\"https:\/\/evolterra.com\/?p=149\">Los can\u00edbales de Michel Montaigne<\/a><\/span><br \/>\n<span style=\"font-size: 14pt\">60.-<a href=\"https:\/\/evolterra.com\/?p=1293\"> M\u00edsticos en la corte de Luis XIV<\/a><\/span><br \/>\n<span style=\"font-size: 14pt\">61.- <a href=\"https:\/\/evolterra.com\/?p=584\">Stendhal va a la \u00f3pera<\/a><\/span><br \/>\n<span style=\"font-size: 14pt\">62.- <a href=\"https:\/\/evolterra.com\/?p=315\">Tocqueville en Am\u00e9rica<\/a><\/span><br \/>\n<span style=\"font-size: 14pt\">63.- <a href=\"https:\/\/evolterra.com\/?p=1001\">Un invierno en Mallorca<\/a><\/span><br \/>\n<span style=\"font-size: 14pt\">64.- <a href=\"https:\/\/evolterra.com\/?p=694\">Offenbach en los infierno<\/a><\/span><br \/>\n<span style=\"font-size: 14pt\">65.- <a href=\"https:\/\/evolterra.com\/?p=86\">La mirada de Berthe Morisot<\/a><\/span><br \/>\n<span style=\"font-size: 14pt\">66.- <a href=\"https:\/\/evolterra.com\/?p=1299\">La felicidad seg\u00fan Alain<\/a><\/span><br \/>\n<span style=\"font-size: 14pt\">67.- <a href=\"https:\/\/evolterra.com\/?p=453\">Proust en busca de Mariano Fortuny<\/a><\/span><br \/>\n<span style=\"font-size: 14pt\">68.- <a href=\"https:\/\/evolterra.com\/?p=22\">Poder y derecho en Shakespeare<\/a><\/span><br \/>\n<span style=\"font-size: 14pt\">69.- <a href=\"https:\/\/evolterra.com\/?p=420\">El joven Charles Dickens<\/a><\/span><br \/>\n<span style=\"font-size: 14pt\">70.- <a href=\"https:\/\/evolterra.com\/?p=705\">Hermano Guillermo Brown<\/a><\/span><br \/>\n<span style=\"font-size: 14pt\">71.- <a href=\"https:\/\/evolterra.com\/?p=493\">El inimitable P.G. Wodehouse<\/a><\/span><br \/>\n<span style=\"font-size: 14pt\">72.- <a href=\"https:\/\/evolterra.com\/?p=751\">La edad de oro del tulip\u00e1n<\/a><\/span><br \/>\n<span style=\"font-size: 14pt\">73.-<a href=\"https:\/\/evolterra.com\/?p=1304\"> Las cartas de Vincent van Gogh<\/a><\/span><\/p>\n<p><span style=\"font-size: 14pt\">VII. ESTAMBUL Y EL ORIENTE<\/span><\/p>\n<p><span style=\"font-size: 14pt\">74.- <a href=\"https:\/\/evolterra.com\/?p=1311\">La conversi\u00f3n de los visigodos<\/a><\/span><br \/>\n<span style=\"font-size: 14pt\">75.- <a href=\"https:\/\/evolterra.com\/?p=959\">Los mitos de Santa Sof\u00eda<\/a><\/span><br \/>\n<span style=\"font-size: 14pt\">76.- <a href=\"https:\/\/evolterra.com\/?p=228\">Diplomacia bizantina<\/a><\/span><br \/>\n<span style=\"font-size: 14pt\">77.- <a href=\"https:\/\/evolterra.com\/?p=257\">El emperador de Trapisonda<\/a><\/span><br \/>\n<span style=\"font-size: 14pt\">78.- <a href=\"https:\/\/evolterra.com\/?p=1317\">Esclavos del Mar Negro<\/a><\/span><br \/>\n<span style=\"font-size: 14pt\">79.- <a href=\"https:\/\/evolterra.com\/?p=379\">La marcha turca<\/a><\/span><br \/>\n<span style=\"font-size: 14pt\">80.- <a href=\"https:\/\/evolterra.com\/?p=571\">Navegar por el B\u00f3sforo<\/a><\/span><br \/>\n<span style=\"font-size: 14pt\">81.- <a href=\"https:\/\/evolterra.com\/?p=11\">El caf\u00e9 Pierre Loti<\/a><\/span><br \/>\n<span style=\"font-size: 14pt\">82.- <a href=\"https:\/\/evolterra.com\/?p=623\">Las dos almas del Imperio Ruso<\/a><\/span><br \/>\n<span style=\"font-size: 14pt\">83.- <a href=\"https:\/\/evolterra.com\/?p=852\">La religi\u00f3n del Ir\u00e1n<\/a><\/span><br \/>\n<span style=\"font-size: 14pt\">84.- <a href=\"https:\/\/evolterra.com\/?p=661\">Dos visiones de la India<\/a><\/span><br \/>\n<span style=\"font-size: 14pt\">85.- <a href=\"https:\/\/evolterra.com\/?p=327\">Peregrinos en el desierto de Arabia<\/a><\/span><br \/>\n<span style=\"font-size: 14pt\">86.- <a href=\"https:\/\/evolterra.com\/?p=1324\">Limones amargos de Chipre<\/a><\/span><br \/>\n<span style=\"font-size: 14pt\">87.- <a href=\"https:\/\/evolterra.com\/?p=351\">Nuevas rutas de la seda<\/a><\/span><\/p>\n<p><span style=\"font-size: 14pt\">VIII- OTROS APUNTES<\/span><\/p>\n<p><span style=\"font-size: 14pt\">88.- <a href=\"https:\/\/evolterra.com\/?p=864\">Hist\u00f3ricas mentiras<\/a><\/span><br \/>\n<span style=\"font-size: 14pt\">89.- <a href=\"https:\/\/evolterra.com\/?p=1330\">La confesi\u00f3n en literatura<\/a><\/span><br \/>\n<span style=\"font-size: 14pt\">90.- <a href=\"https:\/\/evolterra.com\/?p=776\">Una nueva Edad Media<\/a><\/span><br \/>\n<span style=\"font-size: 14pt\">91.- <a href=\"https:\/\/evolterra.com\/?p=941\">La Cruzada de los ni\u00f1os<\/a><\/span><br \/>\n<span style=\"font-size: 14pt\">92.- <a href=\"https:\/\/evolterra.com\/?p=1336\">El aprendizaje de la prudencia<\/a><\/span><br \/>\n<span style=\"font-size: 14pt\">93.- <a href=\"https:\/\/evolterra.com\/?p=208\">Violinistas de ficci\u00f3n<\/a><\/span><br \/>\n<span style=\"font-size: 14pt\">94.- <a href=\"https:\/\/evolterra.com\/?p=563\">En los mares del Sur<\/a><\/span><br \/>\n<span style=\"font-size: 14pt\">95.- <a href=\"https:\/\/evolterra.com\/?p=1342\">Los usos de la civilizaci\u00f3n<\/a><\/span><br \/>\n<span style=\"font-size: 14pt\">96.- <a href=\"https:\/\/evolterra.com\/?p=894\">Virtuosos del Romanticismo<\/a><\/span><br \/>\n<span style=\"font-size: 14pt\">97.- <a href=\"https:\/\/evolterra.com\/?p=1348\">La \u00f3pera y el nacionalismo<\/a><\/span><br \/>\n<span style=\"font-size: 14pt\">98.- <a href=\"https:\/\/evolterra.com\/?p=631\">Naturaleza jur\u00eddica de la revoluci\u00f3n<\/a><\/span><br \/>\n<span style=\"font-size: 14pt\">99.- <a href=\"https:\/\/evolterra.com\/?p=362\">El peligro de leer<\/a><\/span><\/p>\n","protected":false},"excerpt":{"rendered":"<p>\u00cdNDICE I. MUNICH Y ALEMANIA 1.- Catedrales del Romanticismo alem\u00e1n 2.- Bach y la m\u00fasica de Mart\u00edn Lutero 3.- La educaci\u00f3n de Wilhelm Meister 4.- Los cuentos de Grimm, modo de empleo 5.- Revoluci\u00f3n en el reino de Baviera 6.- Un amor de Richard Wagner 7.- Un Requiem alem\u00e1n 8.- Luis II de Baviera, el &hellip; <a href=\"https:\/\/evolterra.com\/\" class=\"more-link\">Continuar leyendo<span class=\"screen-reader-text\"> \u00abLa Mirada de Berthe Morisot\u00bb<\/span><\/a><\/p>\n","protected":false},"author":1,"featured_media":0,"parent":0,"menu_order":0,"comment_status":"closed","ping_status":"closed","template":"","meta":{"spay_email":""},"_links":{"self":[{"href":"https:\/\/evolterra.com\/index.php?rest_route=\/wp\/v2\/pages\/1011"}],"collection":[{"href":"https:\/\/evolterra.com\/index.php?rest_route=\/wp\/v2\/pages"}],"about":[{"href":"https:\/\/evolterra.com\/index.php?rest_route=\/wp\/v2\/types\/page"}],"author":[{"embeddable":true,"href":"https:\/\/evolterra.com\/index.php?rest_route=\/wp\/v2\/users\/1"}],"replies":[{"embeddable":true,"href":"https:\/\/evolterra.com\/index.php?rest_route=%2Fwp%2Fv2%2Fcomments&post=1011"}],"version-history":[{"count":123,"href":"https:\/\/evolterra.com\/index.php?rest_route=\/wp\/v2\/pages\/1011\/revisions"}],"predecessor-version":[{"id":1353,"href":"https:\/\/evolterra.com\/index.php?rest_route=\/wp\/v2\/pages\/1011\/revisions\/1353"}],"wp:attachment":[{"href":"https:\/\/evolterra.com\/index.php?rest_route=%2Fwp%2Fv2%2Fmedia&parent=1011"}],"curies":[{"name":"wp","href":"https:\/\/api.w.org\/{rel}","templated":true}]}}